{"id":130,"date":"2018-09-05T14:55:34","date_gmt":"2018-09-05T14:55:34","guid":{"rendered":"http:\/\/s752422391.online.de\/?page_id=130"},"modified":"2018-09-05T15:40:10","modified_gmt":"2018-09-05T15:40:10","slug":"2017-2","status":"publish","type":"page","link":"http:\/\/schuetzenverein-langern.de\/start\/aktivitaeten\/2017-2\/","title":{"rendered":"2017"},"content":{"rendered":"<p>Ein \u00dcberblick unserer Aktivit\u00e4ten im Jahre 2017<\/p>\n\n<!-- NOTE: If you need to make changes to this file, copy it to your current theme's main\n\tdirectory so your changes won't be overwritten when the plugin is upgraded. -->\n\n<!-- Post Wrap Start-->\n<div class=\"post hentry ivycat-post\">\n\n\t<!-- \tThis outputs the post TITLE -->\n\t<h2 class=\"entry-title\"><a href=\"http:\/\/schuetzenverein-langern.de\/start\/2018\/2017-spende-feuerwehr-langern\/\">Spende an die Feuerwehr Langern<\/a><\/h2>\n\n\t<!-- \tThis outputs the post EXCERPT.  To display full content including images and html,\n\t\treplace the_excerpt(); with the_content();  below. -->\n\t<div class=\"entry-summary\">\n\t\t<p>Langern | Dienstag | 04.04.2017 Eine Spende hat der Sch\u00fctzenverein Langern an die L\u00f6schgruppe Langern der Freiwilligen Feuerwehr bei deren vergangenem Dienstabend \u00fcberreicht. \u201eDas ist ein Dankesch\u00f6n der Sch\u00fctzen f\u00fcr die Unterst\u00fctzung durch die Feuerwehr beim Langerner Weihnachtsmarkt in den<\/p>\n\t<\/div>\n\n\t<!--\tThis outputs the post META information -->\n\t<div class=\"entry-utility\">\n\t\t\t\t\t<span class=\"cat-links\">\n\t\t\t\t<span class=\"entry-utility-prep entry-utility-prep-cat-links\">Posted in<\/span> <a href=\"http:\/\/schuetzenverein-langern.de\/start\/category\/aktivitaeten\/2017\/\" rel=\"category tag\">2017<\/a>\t\t\t<\/span>\n\t\t\t<span class=\"meta-sep\">|<\/span>\n\t\t\t\t\t\t<span class=\"comments-link\">\n\t\t\t<a href=\"http:\/\/schuetzenverein-langern.de\/start\/2018\/2017-spende-feuerwehr-langern\/#respond\">Leave a comment<\/a>\t\t<\/span>\n\t\t\t<\/div>\n<\/div>\n<!-- \/\/ Post Wrap End -->\n\n","protected":false},"excerpt":{"rendered":"<p>Ein \u00dcberblick unserer Aktivit\u00e4ten im Jahre 2017<\/p>\n","protected":false},"author":1,"featured_media":0,"parent":44,"menu_order":0,"comment_status":"closed","ping_status":"closed","template":"","meta":{"_mc_calendar":[],"footnotes":""},"class_list":["post-130","page","type-page","status-publish","hentry"],"jetpack_sharing_enabled":true,"_links":{"self":[{"href":"http:\/\/schuetzenverein-langern.de\/start\/wp-json\/wp\/v2\/pages\/130","targetHints":{"allow":["GET"]}}],"collection":[{"href":"http:\/\/schuetzenverein-langern.de\/start\/wp-json\/wp\/v2\/pages"}],"about":[{"href":"http:\/\/schuetzenverein-langern.de\/start\/wp-json\/wp\/v2\/types\/page"}],"author":[{"embeddable":true,"href":"http:\/\/schuetzenverein-langern.de\/start\/wp-json\/wp\/v2\/users\/1"}],"replies":[{"embeddable":true,"href":"http:\/\/schuetzenverein-langern.de\/start\/wp-json\/wp\/v2\/comments?post=130"}],"version-history":[{"count":2,"href":"http:\/\/schuetzenverein-langern.de\/start\/wp-json\/wp\/v2\/pages\/130\/revisions"}],"predecessor-version":[{"id":163,"href":"http:\/\/schuetzenverein-langern.de\/start\/wp-json\/wp\/v2\/pages\/130\/revisions\/163"}],"up":[{"embeddable":true,"href":"http:\/\/schuetzenverein-langern.de\/start\/wp-json\/wp\/v2\/pages\/44"}],"wp:attachment":[{"href":"http:\/\/schuetzenverein-langern.de\/start\/wp-json\/wp\/v2\/media?parent=130"}],"curies":[{"name":"wp","href":"https:\/\/api.w.org\/{rel}","templated":true}]}}

<p>Ein Überblick unserer Aktivitäten im Jahre 2017</p>

<!-- NOTE: If you need to make changes to this file, copy it to your current theme's main
	directory so your changes won't be overwritten when the plugin is upgraded. -->

<!-- Post Wrap Start-->
<div class="post hentry ivycat-post">

	<!-- 	This outputs the post TITLE -->
	<h2 class="entry-title"><a href="http://schuetzenverein-langern.de/start/2018/2017-spende-feuerwehr-langern/">Spende an die Feuerwehr Langern</a></h2>

	<!-- 	This outputs the post EXCERPT.  To display full content including images and html,
		replace the_excerpt(); with the_content();  below. -->
	<div class="entry-summary">
		<p>Langern | Dienstag | 04.04.2017 Eine Spende hat der Schützenverein Langern an die Löschgruppe Langern der Freiwilligen Feuerwehr bei deren vergangenem Dienstabend überreicht. „Das ist ein Dankeschön der Schützen für die Unterstützung durch die Feuerwehr beim Langerner Weihnachtsmarkt in den</p>
	</div>

	<!--	This outputs the post META information -->
	<div class="entry-utility">
					<span class="cat-links">
				<span class="entry-utility-prep entry-utility-prep-cat-links">Posted in</span> <a href="http://schuetzenverein-langern.de/start/category/aktivitaeten/2017/" rel="category tag">2017</a>			</span>
			<span class="meta-sep">|</span>
						<span class="comments-link">
			<a href="http://schuetzenverein-langern.de/start/2018/2017-spende-feuerwehr-langern/#respond">Leave a comment</a>		</span>
			</div>
</div>
<!-- // Post Wrap End -->

<p>Ein Überblick unserer Aktivitäten im Jahre 2017</p>
